*d(x) + 6*p(x). Calculate m(-6).
-5
Let h(i) = 3*i**2 - 27*i - 12. Let b(u) = -2*u**2 + 13*u + 7. Let m(y) = 7*b(y) + 4*h(y). Suppose -24*d - 225 = -9. Give m(d).
-8
Let m(p) = -7 + 0*p + 7*p**2 - p**3 - 4*p - 4 + 2. Let g(c) = c**2 + 1029*c - 5164. Let a be g(5). Calculate m(a).
3
Let x(c) = 11*c**2 - 16*c - 97. Let h(o) = 5*o**2 - 9*o - 48. Let f(a) = -13*h(a) + 6*x(a). Calculate f(-19).
4
Suppose -3*o = -4*r + 34, -3*r + 32 = r - 2*o. Suppose 2*l = 15 - r. Let j(a) = -a**2 + 5*a - 1. What is j(l)?
3
Suppose 0 = -5*t - q + 70, 4*q = -4*t + 5*q + 56. Let w(i) = t - 5 - i**2 - 6. What is w(0)?
3
Suppose -2*j - 68 = -210. Let c = j + -127. Let u be (-36)/(-7) - (-8)/c. Let g(n) = n**2 - 6*n + 4. Give g(u).
-1
Let p(s) be the second derivative of -s**5/20 + 7*s**4/12 + 7*s**3/2 - 9*s**2 + 2*s - 211. Give p(9).
9
Let g(b) = -b**3 - 11*b**2 + 1. Let u = 202 - 268. Let j = -77 - u. Calculate g(j).
1
Let h(r) = 6*r**3 - 31*r**2 - 16*r - 154. Let w(d) = -d**3 + 5*d**2 + 3*d + 26. Let q(z) = -4*h(z) - 23*w(z). Give q(9).
-27
Let n be (1 - 6) + 24/(-27) - (-11)/(-99). Let i(p) = -p**3 - 5*p**2 + 6*p - 10. Determine i(n).
-10
Suppose -8 = 2*d, -2*b - 3*d + 2 = 4. Suppose -2*s - 3 = -5*s, -5*s = -b*o + 40. Suppose 10*t = o*t. Let x(c) = c - 1. What is x(t)?
-1
Let v(f) = -15*f - 15. Let k(g) = -16*g - 20. Let h(t) = -2*k(t) + 3*v(t). Let l(o) = -10*o - 4. Let y(a) = -2*h(a) + 3*l(a). Determine y(0).
-2
Let l be 0 - ((-1)/2)/((-8)/16). Let m(r) = r**3 - 1. Let c(h) = -h**2 + h + 7. Let d(n) = l*m(n) - c(n). Suppose -5*t + 12*s + 4 = 11*s, -t = s + 4. Give d(t).
-6
Let c(q) = -6*q - 3. Suppose 8253 = -13*k + 8149. Give c(k).
45
Let g(j) = 19*j + 2. Let n be ((-15)/(-12) + -1)*-1*8. What is g(n)?
-36
Let j(c) = -3393684 - 5*c**2 - c**3 - 2*c + 3393680 - 3*c**2 + c**2. Calculate j(-6).
-28
Let c(s) = 6*s**2 - 31*s - 3. Let k(i) = 13*i**2 - 75*i - 6. Let v(z) = -5*c(z) + 2*k(z). Give v(4).
-41
Suppose -15*j + 12*j = 0. Let k(h) = h**2 - 1 - 8 + 2 + j*h**2 - 2. Determine k(4).
7
Let j(u) = -2 - u - 5*u + 4*u. Let m be (-13)/65 - 82/(-10). Suppose 13*r - 25 = m*r. Calculate j(r).
-12
Let o(a) = 0 - 35*a**2 + 1 - 7 + 36*a**2. Let h = 113 - 118. Calculate o(h).
19
Let g be (5/3)/((-60)/(-108)). Let h(w) = -7*w**g + 3*w - 4 + 3 + 2 - 5*w + 9*w**2 - 8*w**2. What is h(1)?
-7
Let z(p) = 3*p**2 + 2*p**3 - 4*p**3 - 7*p + 3*p**3 - 1. Let y(t) = -t**3 + 9*t**2 + 682*t - 5. Let w be y(31). Calculate z(w).
-16
Let j be (-9 - (8 + -25))/(2 + 0). Let i(u) = 2 - 19*u + 5 + 20*u - 4. What is i(j)?
7
Let i = 648 + -646. Let l(c) = i*c + 3 + 1023*c**2 + 1 - 3 + 0*c - 1003*c**2. What is l(-1)?
19
Suppose -x - 5*j = 0, 3*j = -0*j - 3. Suppose 0 = -x*s + 3*s + 10. Let k(z) = 14*z - 54. Let n(h) = 2*h - 8. Let v(q) = -k(q) + 6*n(q). What is v(s)?
-4
Suppose 2*h - 15 = -h. Let c = -4 + h. Let o(u) = -16*u - 349. Let r(z) = 2*z + 58. Let d(f) = o(f) + 6*r(f). Calculate d(c).
-5
Let a(t) = -t**3 + 29*t**2 + 67*t - 160. Let b be a(31). Let k(f) = f**3 + 5*f**2 + 2*f - 3. Calculate k(b).
-13
Suppose 7 = 7*b - 28. Suppose b*j - k + 75 = 0, -2*j - 2*k - 13 = k. Let f(q) = q**2 + 13*q - 17. Determine f(j).
-3
Let a(y) = 2 - 910*y + 2 - 1 + 869*y + 0. Calculate a(-1).
44
Let o be 1/((-6)/(-680)) + 16/24. Let w be (-5 - -3)/(-2) + o. Let v = w + -107. Let q(z) = z**2 - 8*z - 4. Give q(v).
-4
Let r(j) = -j**3 - 2*j**2 + 4*j - 3. Let a(f) = 4*f - 16 - 11 + 0 + 6. Let y be a(7). Suppose 0 = y*i - i - 12. What is r(i)?
-11
Let u be 48/6 + 2 - -3. Let r(g) = u - 2*g - 17 - g - 6. Give r(-4).
2
Let j(n) = -n**3 - 4*n**2 + 5*n + 5. Let l(f) = 2*f + 5. Suppose 93 = -11*p + 38. Let s be l(p). Determine j(s).
5
Let k(x) = 79*x**2 - x - 8. Let y(f) = -250*f**2 + 4*f + 26. Let z(b) = -19*k(b) - 6*y(b). Suppose 2*p = -2*p - 12. Give z(p).
2
Let m(b) = b**3 - 2*b**2 + 6*b - 3. Let w = 3648 + -3646. What is m(w)?
9
Let o(l) = 8*l**3 + 6*l**2 + 5. Let p(m) = -7*m**3 - 5*m**2 - 4. Let a(k) = -4*o(k) - 5*p(k). Suppose -6 = -9*f + 8*f. Suppose f = 4*j + 2. Calculate a(j).
4
Let b be (-26)/32*-4*4. Suppose 17*f - 28 = b*f. Let d(r) = 2 - 6*r**2 + 0 + r**3 - 4 - r**2. Give d(f).
-2
Let a(w) = -w**3 + w**2 + 33*w - 10. Let o = -11045 + 11045. Calculate a(o).
-10
Let m(l) = 3*l**2 - 1 + l**3 + 3*l**2 - 126*l - 6*l**2 + 127*l. Determine m(1).
1
Suppose -20*z + 94 = -98 + 12. Let k(v) be the third derivative of v**2 + 0*v + 1/24*v**4 + 0 - 5/3*v**3. Calculate k(z).
-1
Let z = 78 - -273. Let g(c) = -1 + z*c**2 - 6 - 350*c**2 + 1 + 13*c. Calculate g(-14).
8
Let b(y) = 3*y**3 + 7*y**2 - 9*y - 12. Let x(f) = 3*f**3 + 6*f**2 - 8*f - 10. Let z(w) = -6*b(w) + 7*x(w). Let j be (1 + -2 + 0)/(0 - 1). Determine z(j).
3
Let c be (-10)/15*9 - (-1 + -136). Let o(k) = k**2 - c + 387 - 134 - 130 - k. Give o(0).
-8
Suppose 67*a - 113*a = 138. Let i(n) = 2*n**3 - 3*n**2 + n + 2. Calculate i(a).
-82
Let w(p) = -11*p**2 - 10 + 10 + 7*p. Let r be ((-1)/(18/15))/((-1)/6). Let c(n) = -10*n**2 + 6*n. Let u(a) = r*w(a) - 6*c(a). Give u(1).
4
Let c(i) = i**3 + 19*i**2 + 8*i - 4. Let w be c(-18). Let p = w + -179. Let y(k) = 6*k - 2. Calculate y(p).
-20
Let s = 48 + -53. Let o = 6 + s. Let k(y) be the first derivative of -5*y**4/4 - y**2 + y - 2. Calculate k(o).
-6
Let w(u) be the second derivative of 0 - u**2 + 0*u**3 + 1/6*u**4 - 59*u. Suppose -2*f + 2*d = -6, -f - 3 = 2*d + 3*d. What is w(f)?
6
Let a(h) be the first derivative of h**4/4 + 3*h**3 + 7*h**2/2 - 9*h - 737. Let y = 7 + -15. What is a(y)?
-1
Let f be 28/(-8) + 3*(-30)/36. Let d = 2 + 2. Let g be f/(1 - d) - 3. Let j(l) = -3*l. Calculate j(g).
3
Let i = 181 - 167. Let q(k) be the third derivative of 0 - 5/12*k**4 + 0*k + 1/120*k**6 + 1/3*k**3 - i*k**2 - 2/15*k**5. Give q(9).
-7
Let b(f) = 271*f - 1902. Let z be b(7). Let m(o) = -o**3 - 8*o**2 - 10*o + 12. What is m(z)?
-13
Let p(w) = w**3 + 7*w**2 - 8*w + 5. Let t(z) = -11*z + 26*z**3 + 5*z**2 - 25*z**3 - 5*z**2 - 4*z**2 - 14. Let n be t(6). Determine p(n).
5
Let s(x) = x**3 + 5*x**2 + 6*x + 5. Let z be s(-4). Let c = z - -4. Let o(j) = 190*j - 58*j + 2*j**2 - 64*j - j**2 - 1 - 66*j. Determine o(c).
2
Let b = -827 + 895. Let t be b/(-374) + (0 - 57/(-11)). Let w(f) = 5*f - 33. Calculate w(t).
-8
Let k = -12 - -3. Let u = 3 + k. Let y(h) = 1521*h + 26. Let o(v) = 1268*v + 23. Let a(d) = -6*o(d) + 5*y(d). Give a(u).
10
Let r(j) = -4*j**2 - 15 + 2*j**2 + 7*j**2 + 12. Let o be 12/8 + 1 + -3 + (-515)/(-206). Give r(o).
17
Suppose -2*l - 4*q - 8 = 0, -23*l = -25*l + 4*q - 40. Let f(u) = -11*u - 95. Let z(j) = 4*j + 33. Let y(h) = -3*f(h) - 8*z(h). What is y(l)?
9
Let x(i) = -90 - 88 - 142 + 433 - 20*i - 95. What is x(3)?
-42
Let q(f) = -5*f**2 - 8*f - 1. Let c(x) be the first derivative of -2*x**3/3 - x**2/2 - x - 68. Let w(y) = -3*c(y) + q(y). Calculate w(6).
8
Suppose -68*h + 64*h = -8. Suppose 5*z + h*u + 5 = 0, -6*z + 4*z - 2 = -2*u. Let s(n) = -6*n**3 + n**2 + n + 1. Determine s(z).
7
Let b(n) = 3*n**2 - 23*n - 10. Let q be (-11)/(6*3/18). Let d(r) = -r**2 + 8*r + 4. Let p(v) = q*d(v) - 4*b(v). Calculate p(3).
-1
Let h(g) = -16*g + 196. Let m(a) = 29*a - 385. Let y(r) = 5*h(r) + 3*m(r). Calculate y(25).
0
Let p be (2 - 0) + (-14)/(-14). Suppose -3*l - 4*u + 0*u = 1, -p*l = 3*u - 3. Suppose -h = 2*v, 4*h - v = -l*v + 4. Let f(z) = 3*z - 2. Calculate f(h).
4
Let r(x) = 5*x - 15. Suppose 97 = -8*v + 113. Determine r(v).
-5
Let g(k) = k**2 - 1. Let f be 339*-2*3/(-18) - 3. Suppose -5*w + 15*w = f. Suppose w = -6*h - 7. Determine g(h).
8
Let u = 145 - 143. Suppose -u*n = -7*n + 275. Let r = -51 + n. Let m(c) = c**3 - 3*c**2 - 6*c + 3. What is m(r)?
-5
Let l(p) be the third derivative of 7/30*p**5 + 1/12*p**4 + 0*p - 17/3*p**3 + 0 - 1/120*p**6 + 21*p**2. Let k be l(14). Let w(s) = s**2 + 6*s - 2. What is w(k)?
-2
Let u(f) = -5*f**2 - 18*f + 157. Let y(d) = 4*d**2 + 18*d - 155. Let m(s) = 5*u(s) + 6*y(s). Let o(w) be the first derivative of m(w). Give o(12).
-6
Suppose -57*x - 63*x - 42 = -113*x. Let c(d) = 2*d**2 + 13*d - 6. Calculate c(x).
-12
Let a = -618 + 613. Let m(q) = 52*q + 258. Let v be m(a). Let l(u) be the first derivative of -u**3 - 3*u**2/2 + 1. Determine l(v).
-6
Suppose -63 + 1 = -43*r + 24. Let x(k) be the second derivative of 1/12*k**4 - 1/6*k**3 + 9*k + 0 - 9/2*k**r. Calculate x(0).
-9
Let z(w) be the third derivat